 l?
4
Suppose -2*g + 12 = 6. Let w be ((-147)/9)/((-1)/g). What is the greatest common divisor of w and 7?
7
Suppose -q = 3*a + 102, a + 3*a + 136 = -4*q. Let v = 268 + a. What is the highest common divisor of v and 26?
26
Let b = 1811 - 1161. What is the greatest common divisor of b and 26?
26
Suppose -509 - 227 = 4*m. Let d = m + 415. Calculate the greatest common divisor of d and 21.
21
Let j(u) = -u + 8. Let q be j(-20). Calculate the greatest common divisor of q and 1988.
28
Suppose 18*v + 100 = 21*v + 4*l, 0 = 4*v - 2*l - 148. What is the highest common factor of v and 342?
18
Let s(y) = y**2 - 24*y + 100. Let g be s(5). Let c(w) = w**3 + 2*w**2 - 2*w. Let n be c(-3). Let i = n - -28. What is the highest common divisor of i and g?
5
Suppose -477*s + 2380 = -460*s. Calculate the greatest common divisor of s and 35.
35
Let i be ((-96)/(-6))/2 + 0 + 0. Suppose 2*l + 6 + i = 2*o, -o + 2*l = -9. Calculate the highest common factor of o and 55.
5
Let s = 327 + -174. Suppose -2 + 0 = -r, r = 2*v - 32. Calculate the highest common divisor of s and v.
17
Let o(b) = b**3 + 7*b**2 + 4*b - 14. Let f be o(-6). Let m be (-5 - (f + -1))/(-2). Let i = 4 - 3. Calculate the greatest common divisor of i and m.
1
Let l(z) = z**2 + 20*z - 3. Let t(a) = -a**2 - a - 1. Let w(j) = l(j) + 2*t(j). Let k be w(17). What is the highest common factor of k and 84?
12
Let d be (4/10)/((-5)/(-25)). Let b be (1 + -13)*(-1)/d. Suppose -p + 10 = -b*m + 2*m, -3*m - 3 = 0. Calculate the highest common factor of 9 and p.
3
Suppose 4*h = 3*h. Let j(i) = -i + 4. Let t be j(h). Suppose 0*s - 32 = -t*s. Calculate the greatest common divisor of s and 40.
8
Suppose -4*b - b = 2*o + 194, 5*b - 328 = 4*o. Let s be 3 + 4 + -4 - o. Calculate the highest common factor of 36 and s.
18
Suppose 3*s + 128 = 19*s. What is the greatest common factor of 40 and s?
8
Let h = 1471 - 1417. What is the highest common factor of h and 450?
18
Let z(b) = b + 80. Let u be z(-6). What is the highest common divisor of 148 and u?
74
Let t = 849 - 471. What is the greatest common divisor of t and 882?
126
Suppose -2*k + 15*k = 4563. Calculate the greatest common factor of k and 39.
39
Let c = -44 - -60. Let i be (-3)/(-4) - 62/8. Let d(k) = k**3 + 7*k**2 - 4*k - 4. Let v be d(i). Calculate the greatest common divisor of c and v.
8
Suppose 2*y + 25 = -3*y. Let r(h) = h**2 + 3*h - 4. Let o be r(y). Let f = 784 - 736. Calculate the highest common factor of f and o.
6
Suppose 6*y = 3*y + 18. Suppose 27*v + 62*v + 20*v - 1090 = 0. Calculate the highest common factor of y and v.
2
Let d be 16 + -1 + (-1 - -1). Let q(x) = 8*x**2 + 5*x + 3. Let a be q(-3). Calculate the highest common factor of a and d.
15
Let p = -1 - -4. Let k be 9/((-45)/(-20)) - -1. Suppose k*f = 2*c + 4*f - 1, 0 = -4*c + 4*f - 8. What is the highest common factor of p and c?
3
Let i be 9074/34 + (-6)/(-51) - 6. Calculate the greatest common divisor of i and 29.
29
Let o = 26 + 86. Let g(q) = 36*q + 24. Let u be g(-18). Let h be ((-2)/6)/(13/u). What is the greatest common divisor of o and h?
16
Let h(l) = -11*l + 23. Let n be h(-9). Let b = 194 - n. What is the greatest common divisor of b and 8?
8
Let g = 1584 - 1573. Calculate the highest common divisor of g and 77.
11
Let l = 32 + -22. Let y be (27 + -42)/(-2 - (-11)/6). Calculate the greatest common divisor of l and y.
10
Let k = -338 - -343. Calculate the greatest common divisor of k and 60.
5
Suppose -6*z = -3*z - 5064. Calculate the greatest common factor of z and 8.
8
Suppose 0 = y + 4*y + 5. Let v be -2*16*(-4 - y). What is the greatest common divisor of v and 12?
12
Suppose 11*d = 15*d + 260. Let m = d + 91. What is the greatest common divisor of 78 and m?
26
Let t = 334 + -222. Calculate the greatest common divisor of t and 280.
56
Let q be (0/7)/(-2*1). Suppose q = 5*z - 28 - 42. What is the greatest common factor of z and 112?
14
Let j be 3 - 3 - (-7 + 4). Let z be (-333)/(-45) - j/(-5). Let c be (26/(-8))/((-2)/z). Calculate the greatest common factor of 78 and c.
13
Suppose -340 = -2*i - 0*i. Let z = i + -160. Calculate the greatest common divisor of z and 15.
5
Suppose -34*z + 4*g = -33*z - 7, -2*z + g = -21. What is the highest common divisor of 33 and z?
11
Suppose -84*b + 82*b + 44 = 0. What is the greatest common divisor of b and 286?
22
Suppose 5*o - 124 = 16. Let b = o + 8. Calculate the highest common divisor of b and 12.
12
Let z be 746/10 - -2 - 4/(-10). Let s(r) = r + 29. Let t be s(-18). Calculate the highest common divisor of t and z.
11
Let a be ((-10)/(-2) - 3)*(-42)/(-4). Suppose 20 = -0*x + 4*x, 2*h - a = x. Calculate the highest common divisor of h and 169.
13
Let l be (1 - 2)/(-1)*66. Suppose 10*o + 6 = 226. What is the highest common factor of o and l?
22
Let r be (-1)/(-1 + (-128)/(-126)). Let h = -38 - r. Suppose 2*u - 10 = -0. What is the highest common factor of u and h?
5
Let a(o) = -o**3 - 8*o**2 + 2*o - 2. Let s be a(-8). Let v = -7 - s. Calculate the greatest common factor of 22 and v.
11
Suppose 0 = 2*t - g - 5, 4*t + g = 2*g + 9. Let y be 11*(37 + (t - 1))/2. What is the greatest common factor of y and 19?
19
Let b = -222 + 224. What is the highest common divisor of b and 2?
2
Let h = 126 - 68. Suppose 1212 = 3*q + v, 4*v = 5*q - 1334 - 720. Calculate the greatest common factor of q and h.
58
Let i be -3*21/14*-6. Calculate the greatest common factor of i and 36.
9
Let b be -1 + 169 - ((-90)/10)/3. Calculate the greatest common divisor of b and 19.
19
Suppose -i - 491 + 530 = 0. What is the greatest common factor of 13 and i?
13
Let z(w) be the third derivative of w**5/60 - w**4/6 - 15*w**3/2 + 27*w**2. Let c be z(13). What is the highest common factor of c and 180?
36
Let j be 33/11 + 22*1*2. Let k = j - 43. Calculate the greatest common divisor of k and 8.
4
Suppose 0 = 5*x - 3*g - 420, -142 = -4*x + 5*g + 207. What is the highest common divisor of 81 and x?
81
Suppose -10*s - 560 = -14*s. What is the greatest common factor of s and 20?
20
Suppose -158 = -9*k + 733. Calculate the greatest common factor of k and 11.
11
Let i = 52 + -41. Let k be (-16)/(1 - (-99)/(-93)). Suppose -5*a + 4*d + 424 = 0, -3*a = -d - 3*d - k. What is the greatest common divisor of a and i?
11
Let p(o) = -o**2 - 2*o + 17. Let m be p(0). Suppose 5*t = -m + 47. Calculate the highest common divisor of t and 24.
6
Let s = -4 + 19. What is the greatest common factor of s and 60?
15
Let b(c) = 2*c - 4. Let p be b(6). Let i be 1*6 + (-8)/p. Let n be 1 - (i + 2)/(-1). What is the greatest common factor of 1 and n?
1
Let n(r) = -r**3 - 11*r**2 + 13*r + 30. Let m be n(-12). Let q be ((-6)/18)/((-1)/6). Calculate the highest common divisor of m and q.
2
Let o = -659 - -1016. What is the greatest common factor of 51 and o?
51
Let o = 901 + -703. Calculate the highest common factor of o and 90.
18
Let z be ((-6)/(-10))/((-8)/(-40)). Suppose 0 - 3 = -z*y. Calculate the highest common factor of y and 1.
1
Let j(f) = -3*f - 16. Let m(s) = -3*s + 7. Let b be m(6). Let t be j(b). Calculate the greatest common factor of t and 85.
17
Let k be (-291 + 3)/(-3) - -2. What is the highest common factor of k and 112?
14
Let u(x) = 14*x**2 - 54*x + 367. Let n be u(7). What is the highest common divisor of 50 and n?
25
Let o = -28 - -65. Let k = 64 - o. What is the highest common divisor of k and 3?
3
Suppose 0 = -5*u + 83 + 87. Let t = u - 31. What is the greatest common factor of t and 15?
3
Let k be (-96)/(-40)*(6 + (6 - 4)/(-2)). Let d = 3 + -2. Let l(g) = 24*g**2 - g + 1. Let x be l(d). What is the highest common factor of k and x?
12
Let d = -123 - -246. What is the greatest common divisor of 41 and d?
41
Let t be (1195/(-15))/(-1*(-2)/(-6)). Suppose -4*z + 41 = -t. Calculate the greatest common divisor of 105 and z.
35
Let i be 24/(-18) - (-20)/24*52. Calculate the greatest common factor of 448 and i.
14
Let f be (15 - 12) + (-9)/1 - -522. Calculate the highest common divisor of f and 43.
43
Suppose 2*c - 134 - 96 = -6*d, 0 = 5*c + 2*d - 575. Let f be (46/(-6))/((-2)/6). What is the highest common divisor of c and f?
23
Suppose 4 + 0 = w. Let f be (-1 + 2 - w)*-1. What is the highest common divisor of 48 and f?
3
Suppose 4 + 4 = 2*g. Suppose 0 = g*r - 99 - 45. What is the highest common